e value of 28 + -11 + (18 - 21)?
14
What is the value of 6 + (9 - (15 + 5)) + -12?
-17
What is 1 + 0 - (-171 + 148)?
24
What is -6 - -7 - (16 - 30)?
15
What is -883 + 880 - (0 + -7)?
4
Calculate (-49 - -14) + (-25 - -89).
29
(-42 - (-36 + 6)) + 18
6
Calculate 8 + -16 + (7 - 5) + -5.
-11
Calculate (10 - (29 - (12 - 11))) + -8.
-26
(-1 - -28) + (-72 - -55)
10
What is the value of (3 - 10) + (-25 - -46)?
14
Evaluate -25 + 33 + (4 - 6 - 23).
-17
What is the value of 5 - ((11 - 1) + -6 + -7 + -7)?
15
(-11 - -21) + (1 - -11 - 11)
11
What is -4 - (-5 - (1 - (8 - 3)))?
-3
What is 1 + 5 + 2 + -23 + 0 + 4?
-11
316 - 314 - (0 + -1 - 7)
10
Calculate -1 + -7 - -19 - (42 - (6 + -7)).
-32
What is 2 + -5 - ((7 - 5) + -10)?
5
What is 3 - (-5 + -12 + 0 + 10)?
10
Calculate 9 - -8 - 11 - (-1 + -1 + -8).
16
What is -17 + -2 + 54 + -52?
-17
Evaluate (-6 - (-5 - -1)) + -1 - -6.
3
Evaluate (14 - 23) + -26 - (-3 - 1 - 6).
-25
What is the value of -6 + 14 + (8 - 11) + 4?
9
(18 - 47) + 26 - (5 - (1 + -1))
-8
Calculate (-39 - -27) + -1 + 14 - (1 - 0).
0
Calculate -19 + -6 + 1 + 21 - 5.
-8
Calculate 25 + (-27 - (-30 - -25)).
3
Evaluate 2 - (3 - -4) - ((-4 - -2) + 8).
-11
Evaluate 8 + -19 + 14 + (-2 - 0).
1
Evaluate 1 + -1 - (-1 + (-21 - -8) + -3).
17
Calculate 98 + -94 - (3 - (6 + 1)).
8
Evaluate 0 + -3 + (-5 - (-14 - -2)) - 15.
-11
Evaluate -21 + -20 - 5 - -22.
-24
(12 - 0) + (-41 - -34)
5
What is the value of 12 + (-7 - -4) + (-3 - (7 - 13))?
12
What is the value of 6 + (-13 - -7) + -3?
-3
What is 23 - 0 - (-2 + 2) - (2175 - 2176)?
24
Calculate -65 - (18 + 26 + -73).
-36
Evaluate -1 - -1 - (3 + 0 + 6 + 7).
-16
Evaluate 4 + 4 + 6 + -9 + 5 + 0.
10
What is the value of 27 + (-32 - -28) - 32?
-9
What is -11 + 8 + (-10 - -2)?
-11
Calculate (14 - 47 - -8) + 16.
-9
-2 - 9 - (8 - 5 - 2 - 5)
-7
(137 - 135) + -8 + -1
-7
Evaluate -2 - (-6 - -4) - -12.
12
Evaluate (-298 - -299 - (8 + 0 + -2)) + -6.
-11
(13 - 2) + (32 - 15) + -19
9
Evaluate -1 + (16 - 47 - 6) - -10.
-28
What is -112 - -117 - (-2 - -11)?
-4
What is -3 - (-8 - 1) - 21 - -1?
-14
What is the value of 25 + (0 - 14) + -10?
1
What is the value of -4 + -1 - (-9 - 16 - -42)?
-22
Evaluate (-6 - 8) + 14 + -2.
-2
Evaluate (15 + -3 - 7 - 8) + 6 + 1.
4
Calculate 8 - (2 + 11 + 2).
-7
What is 23 + -34 + (0 - 4)?
-15
What is 20 - 47 - (5 + -24)?
-8
What is 9 + 1 + -2 + 22 + -22?
8
Calculate -131 - -72 - (-30 + 0).
-29
Calculate (-11 + 16 - 22) + -1.
-18
Calculate 6 + (33 - (-7 + 25 + -15)).
36
Evaluate -3 + -3 - (29 - 22) - 3.
-16
Calculate (0 - (-5 - -2)) + 2 - (2 + 19).
-16
Evaluate (39 - 23 - 10) + (-10 - 1) - 11.
-16
What is -238 + 238 + (-3 - (-1 + 1))?
-3
Calculate -3 - (-1 + (-12 - -4)).
6
Evaluate 9 - (26 + -7 - -5).
-15
What is -23 - (-2 - -9 - (7 + -3 + 3))?
-23
Calculate (32 - -6) + -51 - (-13 + 2).
-2
What is the value of (-21 - -19) + (2 + (-3 - 2) - -5)?
0
(-18 - 1 - -12) + 6 - (12 - 2)
-11
What is -150 + 149 - ((25 - (0 + 0)) + -4)?
-22
What is 1 + (-3 - -13) - (98 + -95)?
8
What is the value of (-1 - -10 - 10) + 4?
3
-4 - (16 + -52 + 22)
10
Calculate 13 - 14 - 5 - 1 - 13.
-20
19 + -6 + -13 + 4 + 8 + 8
20
What is (-8 - (-17 - -14)) + 6?
1
Calculate 2 + (8 - 12 - (-12 + 5 + 2)).
3
-3 + (3 - 4) - (9 + -7) - -4
-2
What is 7 - 10 - (1 - (-13 - -5))?
-12
What is -10 - -27 - (-1 + 10 - (10 - 7))?
11
Evaluate (-1 - -2) + 4 + -12 + 4 - -6.
3
What is the value of -2 + -2 + (-21 - (-12 - 0) - -18)?
5
Calculate 8 + -7 + -21 + -7.
-27
What is the value of (0 + -5 + 10 - -5) + (35 - 14)?
31
What is 10 - (-1 + 1 - (35 + -47))?
-2
What is 190 + -191 - (2 + -1)?
-2
Calculate -16 + 1 + (-15 + 14 + -3 - -10).
-9
What is the value of (18 - 3) + -23 + -1?
-9
What is -7 + 1 + 13 - 5 - 18?
-16
Evaluate (28 + -8 - 12) + 7 + -4.
11
Evaluate (13 + (-2 - 0) - -1) + 7 + -3.
16
Calculate -3 + (14 + -2 - 5) - 12.
-8
Calculate (17 - 2) + (-10 - (2 - 3) - -10).
16
4 - 2 - (0 + 2) - (110 + -102)
-8
What is the value of 10 - (4 - 3 - 5 - (-41 + 28))?
1
What is -8 + 12 + -10 - (-8 + 0 + 18)?
-16
What is the value of -478 + 477 + (16 - 3) + -2?
10
0 - ((57 - 65) + -1 + 8)
1
Calculate 12 + (67 - 75) + (10 - 3).
11
2 - (-4 - (-8 - 0)) - (-1 - -7)
-8
((-1 - -3) + -28 + 14 - -6) + 20
14
Calculate 33 + -26 + (-20 - -1).
-12
What is -38 - -42 - (8 - 15)?
11
What is the value of 1 + 9 + -19 + -3?
-12
Calculate -13 + (-10 - -18) + -3 + 23 + -3.
12
Evaluate 25 + (-11 + -15 - (-11 - 9)).
19
What is -10 - (-27 + (-5 - (4 - 8)))?
18
21 - (-2 - -3 - -4) - (-34 - -30)
20
What is (-26 - 12) + 14 - (-11 + 2)?
-15
Evaluate 5 - ((-11 - -8) + 5).
3
(43 - 51) + 2 + 32
26
Calculate (3 - 2) + 3 + 38 + -38 + 6.
10
What is 2 + 0 + 78 + -54 + -57?
-31
Evaluate (-11 - (4 - 5 - 4 - -11)) + 5.
-12
What is (19 - 11) + -10 + 6?
4
What is the value of 7 - 4 - (11 + -2 - -1)?
-7
What is -10 + (2 - -5) + (-2 - (10 + -7))?
-8
What is -18 + 0 + -11 + 8?
-21
What is the value of -6 - (-13 - -2) - (-3 - -21)?
-13
What is -4 + 24 - 3 - (7 - 6 - -5)?
11
What is the value of 0 - (-3 - -7 - 4) - 11?
-11
Evaluate (53 - 32) + (-4 - (-1 - 4)).
22
Calculate -9 + 2 - (-14 + 1).
6
What is the value of 2 - ((-7 - (26 - 18)) + 18)?
-1
What is 2 + -31 + (56 - 11 - 47)?
-31
(14 - 14 - (3 - 6)) + 34 + -1
36
Calculate -64 - -73 - (-12 - (-2 - (-4 - -2))).
21
What is 9 + (-26 - -22 - (-4 + -11 + 5))?
15
What is the value of 4 - ((0 - 9) + 32 + 3 + -5)?
-17
What is the value of 34 + -11 + -5 - 13?
5
Evaluate (2 - -2) + (-46 - -48).
6
Evaluate -4 + 0 - (4 + -12).
4
Evaluate 8 + -21 + (19 - (-6 + 8)) + -9.
-5
15 + -1 + (-4 + 2 - -3) + -4
11
Evaluate -12 - 2 - (10 - (11 - 11)).
-24
What is the value of -19 + 10 + (-4 - -1) + 20?
8
Calculate (-29 - -21) + (1 - -2).
-5
What is (10 - 26) + 23 - 14 - (-25 - -1)?
17
(-2 + 17 + -4 - 28) + -3
-20
Calculate (-28 - 6) + 59 + -19.
6
Evaluate (-24 - (-14 - 12)) + 12.
14
-40 + -3 + 4 + 23
-16
(1 - 25) + (13 - -4)
-7
What is the value of (0 - (7 + (-2 - 3) + -2)) + -17?
-17
Calculate -2 - (1 - (-10 - -3)).
-10
What is 7 + (-6 - ((0 - -1) + (-8 - -2)))?
6
-308 + 275 - (-12 - -2 - 2)
-21
Evaluate -2 + 4 + (-9 - (-8 - -8)) - -7.
0
What is the value of 5 - 1 - 1 - 3 - (524 - 538)?
14
Calculate (-2 - 1) + (10 - (9 - -2)) + -10.
-14
What is the value of (4 - 4) + 5 + 7 + 0 + -6?
6
Calculate (44 - (-16 - -74)) + (11 - -1) + -3.
-5
Calculate -2 - ((-3 - (24 - 17)) + 2).
6
Calculate 0 - -1 - (6 + -1) - (3808 + -3802).
-10
What is the value of 0 + 6 + 1 + -1 + (-8 - -15)?
13
What is (49 + 44 - 84) + (16 - -2 - 2)?
25
-7 + 20 + 1 + -27
-13
What is the value of (1 - (6 + -1 + (33 - 45))) + -24?
-16
What is 9 + -5 + -4 + 5?
5
35 + 25 + -8 + -44
8
-16 + 3 + (-26 - -44)
5
Calculate 7 - (7 + -15 + 8 - -6 - 4).
5
-6 - (-4 + (-6 - 7) - -6)
5
Evaluate 5 + -27 + (17 - -35).
30
What is -1 + -25 + -5 + 9?
-22
What is the value of 3 - (-6 + (-8 - -2))?
15
Evaluate -14 + -3 + 3 - -20.
6
(3 - (-13 - (5 + -12))) + 0 + -3
6
What is the value of 11 - (-55 - -71) - (1 - (-2 - 8))?
-16
(-13 - (7 - 7)) + 5 + 1
-7
Calculate 12 + 4 + (13 - (11 + 14)).
4
Calculate (6 - 32) + 2 + 9 - -6.
-9
Evaluate (-23 - (-1 - 1)) + (-14 - -26) + -21.
-30
What is (-47 - -19) + 22 + 9 + 1?
4
68 + -53 - (2 + (-1 - (1 - 5)))
10
Calculate (1 - 2) + -2 - (-4 + 3) - -5.
3
What is the value of 1 + 1 + 2 - (-41 - -40)?
5
What is the value of (0 - -4) + -2 - -5 - (18 - 45)?
34
Calculate (13 - 14 - -3) + -15.
-13
-8 + (-9 - -3 - 5) + (-1 - -6)
-14
What is -7 + -17 + (13 - -7)?
-4
Calculate -7 - (15 - (8 - (3 - -3))).
-20
What is 7 + 3 + (3 - 33)?
-20
What is (-9 - -28 - 2) + (1 - 4)?
14
What is the value of (5 + 13 - 29) + 7?
-4
Calculate 8 - (6 + -3) - (4 + 3 + -8).
6
What is the value of -10 - (3 + -14 - -7 - 6)?
0
Evaluate -3 + -7 + 20 + (-9 - (6 + -33)).
28
Evaluate (8 - -1) + (-65 - -63).
7
Calculate 5 - (-9 + -4 + (36 - 19)).
1
What is the value of 2 + 15 + -14 + 7?
10
Evaluate 22 + 23 + (13 - 59).
-1
What is the value of -3 + (11 - (-2 + 0 + 0))?
10
What is the value of -76 + 69 + (-1 - -2)?
-6
What is the value of 2 + 2 - ((-13 - -18) + 7)?
-8
What is 21 + -2 + -2 + 6 + -7?
16
Calculate 2 - (-2 + 3 + -12 + 12 + -5).
6
What is the value of 37 - ((35 - -20) + -11)?
-7
Calculate (-1 - (8 - (3 + 4))) + (5 - 2).
1
(6 - (10 - 1 - -3)) + 16 + 3
13
What is -2 + (-3 - 6) + 13?
2
What is the value of 14 - -16 - (-20 - -56)?
-6
